{"id":1319,"date":"2021-11-21T15:14:41","date_gmt":"2021-11-21T15:14:41","guid":{"rendered":"https:\/\/altoebomsom.net\/index.php\/services\/"},"modified":"2026-01-14T22:20:52","modified_gmt":"2026-01-14T22:20:52","slug":"services","status":"publish","type":"page","link":"https:\/\/altoebomsom.net\/index.php\/services\/","title":{"rendered":"Services"},"content":{"rendered":"\t\t<div data-elementor-type=\"wp-page\" data-elementor-id=\"1319\" class=\"elementor elementor-1319\">\n\t\t\t\t\t\t<section class=\"elementor-section elementor-top-section elementor-element elementor-element-83746e8 elementor-section-height-min-height elementor-section-boxed elementor-section-height-default elementor-section-items-middle\" data-id=\"83746e8\" data-element_type=\"section\" data-e-type=\"section\" data-settings=\"{&quot;background_background&quot;:&quot;classic&quot;}\">\n\t\t\t\t\t\t\t<div class=\"elementor-background-overlay\"><\/div>\n\t\t\t\t\t\t\t<div class=\"elementor-container elementor-column-gap-default\">\n\t\t\t\t\t<div class=\"elementor-column elementor-col-100 elementor-top-column elementor-element elementor-element-09faee3\" data-id=\"09faee3\" data-element_type=\"column\" data-e-type=\"column\">\n\t\t\t<div class=\"elementor-widget-wrap elementor-element-populated\">\n\t\t\t\t\t\t<div class=\"elementor-element elementor-element-c7152a9 elementor-widget elementor-widget-heading\" data-id=\"c7152a9\" data-element_type=\"widget\" data-e-type=\"widget\" data-widget_type=\"heading.default\">\n\t\t\t\t<div class=\"elementor-widget-container\">\n\t\t\t\t\t<h1 class=\"elementor-heading-title elementor-size-default\">Os nossos servi\u00e7os<\/h1>\t\t\t\t<\/div>\n\t\t\t\t<\/div>\n\t\t\t\t\t<\/div>\n\t\t<\/div>\n\t\t\t\t\t<\/div>\n\t\t<\/section>\n\t\t\t\t<section class=\"elementor-section elementor-top-section elementor-element elementor-element-a92bf94 elementor-section-boxed elementor-section-height-default elementor-section-height-default\" data-id=\"a92bf94\" data-element_type=\"section\" data-e-type=\"section\">\n\t\t\t\t\t\t<div class=\"elementor-container elementor-column-gap-default\">\n\t\t\t\t\t<div class=\"elementor-column elementor-col-50 elementor-top-column elementor-element elementor-element-f485586\" data-id=\"f485586\" data-element_type=\"column\" data-e-type=\"column\">\n\t\t\t<div class=\"elementor-widget-wrap elementor-element-populated\">\n\t\t\t\t\t\t<div class=\"elementor-element elementor-element-b5d284b elementor-widget elementor-widget-image\" data-id=\"b5d284b\" data-element_type=\"widget\" data-e-type=\"widget\" data-widget_type=\"image.default\">\n\t\t\t\t<div class=\"elementor-widget-container\">\n\t\t\t\t\t\t\t\t\t\t\t\t\t\t\t<img decoding=\"async\" width=\"262\" height=\"175\" src=\"https:\/\/altoebomsom.net\/wp-content\/uploads\/2023\/03\/Jantar_aniversario.jpg\" class=\"attachment-medium size-medium wp-image-1710\" alt=\"\" \/>\t\t\t\t\t\t\t\t\t\t\t\t\t\t\t<\/div>\n\t\t\t\t<\/div>\n\t\t\t\t\t<\/div>\n\t\t<\/div>\n\t\t\t\t<div class=\"elementor-column elementor-col-50 elementor-top-column elementor-element elementor-element-7d00c84\" data-id=\"7d00c84\" data-element_type=\"column\" data-e-type=\"column\">\n\t\t\t<div class=\"elementor-widget-wrap elementor-element-populated\">\n\t\t\t\t\t\t<div class=\"elementor-element elementor-element-8ce1b85 elementor-widget elementor-widget-heading\" data-id=\"8ce1b85\" data-element_type=\"widget\" data-e-type=\"widget\" data-widget_type=\"heading.default\">\n\t\t\t\t<div class=\"elementor-widget-container\">\n\t\t\t\t\t<h4 class=\"elementor-heading-title elementor-size-default\">Eventos Privados<\/h4>\t\t\t\t<\/div>\n\t\t\t\t<\/div>\n\t\t\t\t<div class=\"elementor-element elementor-element-c31e03f elementor-widget__width-initial elementor-widget elementor-widget-text-editor\" data-id=\"c31e03f\" data-element_type=\"widget\" data-e-type=\"widget\" data-widget_type=\"text-editor.default\">\n\t\t\t\t<div class=\"elementor-widget-container\">\n\t\t\t\t\t\t\t\t\t<p>OP\u00c7\u00d5ES DISPON\u00cdVEIS<\/p>\n<p><strong>Saxofonista &#8211; M\u00fasicos a solo &#8211; Duo de m\u00fasicos \/ Vocalistas &#8211; Animadores &#8211; DJ<\/strong>, para&nbsp;<span style=\"background-color: var(--ast-global-color-5); color: var(--ast-global-color-3);\">Eventos como<\/span><span style=\"font-style: inherit; font-weight: inherit; background-color: var(--ast-global-color-5); color: var(--ast-global-color-3);\">:<\/span><\/p>\n<ul>\n<li>Festas de Anivers\u00e1rio<\/li>\n<li>Festas de Baptismo<\/li>\n<li>Festas de Casamento<\/li>\n<li>Recep\u00e7\u00f5es e Jantares<\/li>\n<li>Sunset \/ Pool Parties<\/li><li><b>Aluguer<\/b> de dispositivos <b>\u00e1udio<\/b> para eventos privados<\/li>\n<\/ul>\t\t\t\t\t\t\t\t<\/div>\n\t\t\t\t<\/div>\n\t\t\t\t\t<\/div>\n\t\t<\/div>\n\t\t\t\t\t<\/div>\n\t\t<\/section>\n\t\t\t\t<section class=\"elementor-section elementor-top-section elementor-element elementor-element-7f6ca19 elementor-section-boxed elementor-section-height-default elementor-section-height-default\" data-id=\"7f6ca19\" data-element_type=\"section\" data-e-type=\"section\">\n\t\t\t\t\t\t<div class=\"elementor-container elementor-column-gap-default\">\n\t\t\t\t\t<div class=\"elementor-column elementor-col-50 elementor-top-column elementor-element elementor-element-96346e7\" data-id=\"96346e7\" data-element_type=\"column\" data-e-type=\"column\">\n\t\t\t<div class=\"elementor-widget-wrap elementor-element-populated\">\n\t\t\t\t\t\t<div class=\"elementor-element elementor-element-3eeb21a elementor-widget elementor-widget-image\" data-id=\"3eeb21a\" data-element_type=\"widget\" data-e-type=\"widget\" data-widget_type=\"image.default\">\n\t\t\t\t<div class=\"elementor-widget-container\">\n\t\t\t\t\t\t\t\t\t\t\t\t\t\t\t<img fetchpriority=\"high\" decoding=\"async\" width=\"300\" height=\"224\" src=\"https:\/\/altoebomsom.net\/wp-content\/uploads\/2023\/03\/Teclado_ghests-300x224.jpg\" class=\"attachment-medium size-medium wp-image-1722\" alt=\"\" srcset=\"https:\/\/altoebomsom.net\/wp-content\/uploads\/2023\/03\/Teclado_ghests-300x224.jpg 300w, https:\/\/altoebomsom.net\/wp-content\/uploads\/2023\/03\/Teclado_ghests-1024x766.jpg 1024w, https:\/\/altoebomsom.net\/wp-content\/uploads\/2023\/03\/Teclado_ghests-768x575.jpg 768w, https:\/\/altoebomsom.net\/wp-content\/uploads\/2023\/03\/Teclado_ghests-1536x1149.jpg 1536w, https:\/\/altoebomsom.net\/wp-content\/uploads\/2023\/03\/Teclado_ghests-2048x1532.jpg 2048w\" sizes=\"(max-width: 300px) 100vw, 300px\" \/>\t\t\t\t\t\t\t\t\t\t\t\t\t\t\t<\/div>\n\t\t\t\t<\/div>\n\t\t\t\t\t<\/div>\n\t\t<\/div>\n\t\t\t\t<div class=\"elementor-column elementor-col-50 elementor-top-column elementor-element elementor-element-22dd171\" data-id=\"22dd171\" data-element_type=\"column\" data-e-type=\"column\">\n\t\t\t<div class=\"elementor-widget-wrap elementor-element-populated\">\n\t\t\t\t\t\t<div class=\"elementor-element elementor-element-17c1661 elementor-widget elementor-widget-heading\" data-id=\"17c1661\" data-element_type=\"widget\" data-e-type=\"widget\" data-widget_type=\"heading.default\">\n\t\t\t\t<div class=\"elementor-widget-container\">\n\t\t\t\t\t<h4 class=\"elementor-heading-title elementor-size-default\">Eventos Corporate<\/h4>\t\t\t\t<\/div>\n\t\t\t\t<\/div>\n\t\t\t\t<div class=\"elementor-element elementor-element-99d3775 elementor-widget elementor-widget-text-editor\" data-id=\"99d3775\" data-element_type=\"widget\" data-e-type=\"widget\" data-widget_type=\"text-editor.default\">\n\t\t\t\t<div class=\"elementor-widget-container\">\n\t\t\t\t\t\t\t\t\t<p>OP\u00c7\u00d5ES DISPON\u00cdVEIS<\/p><p><strong>Lounge Saxophone &#8211; Banda com report\u00f3rio de anima\u00e7\u00e3o (core\u00f3grafos animadores como op\u00e7\u00e3o) &#8211; DJ &#8211; Animadores &#8211; Speaker, para locu\u00e7\u00e3o e dinamiza\u00e7\u00e3o de continuidade<\/strong>, para Eventos como:<\/p><ul><li>Inaugura\u00e7\u00f5es<\/li><li>Activa\u00e7\u00e3o de Marcas<\/li><li>Lan\u00e7amento de produtos<\/li><li>Jantares de Empresa<\/li><li>Festas de Natal<\/li><\/ul>\t\t\t\t\t\t\t\t<\/div>\n\t\t\t\t<\/div>\n\t\t\t\t\t<\/div>\n\t\t<\/div>\n\t\t\t\t\t<\/div>\n\t\t<\/section>\n\t\t\t\t<section class=\"elementor-section elementor-top-section elementor-element elementor-element-b926833 elementor-section-boxed elementor-section-height-default elementor-section-height-default\" data-id=\"b926833\" data-element_type=\"section\" data-e-type=\"section\">\n\t\t\t\t\t\t<div class=\"elementor-container elementor-column-gap-default\">\n\t\t\t\t\t<div class=\"elementor-column elementor-col-50 elementor-top-column elementor-element elementor-element-90c81e3\" data-id=\"90c81e3\" data-element_type=\"column\" data-e-type=\"column\">\n\t\t\t<div class=\"elementor-widget-wrap elementor-element-populated\">\n\t\t\t\t\t\t<div class=\"elementor-element elementor-element-6d2a488 elementor-widget elementor-widget-image\" data-id=\"6d2a488\" data-element_type=\"widget\" data-e-type=\"widget\" data-widget_type=\"image.default\">\n\t\t\t\t<div class=\"elementor-widget-container\">\n\t\t\t\t\t\t\t\t\t\t\t\t\t\t\t<img decoding=\"async\" width=\"300\" height=\"225\" src=\"https:\/\/altoebomsom.net\/wp-content\/uploads\/2023\/03\/LM_Sax1-300x225.jpg\" class=\"attachment-medium size-medium wp-image-1723\" alt=\"\" srcset=\"https:\/\/altoebomsom.net\/wp-content\/uploads\/2023\/03\/LM_Sax1-300x225.jpg 300w, https:\/\/altoebomsom.net\/wp-content\/uploads\/2023\/03\/LM_Sax1-768x576.jpg 768w, https:\/\/altoebomsom.net\/wp-content\/uploads\/2023\/03\/LM_Sax1.jpg 960w\" sizes=\"(max-width: 300px) 100vw, 300px\" \/>\t\t\t\t\t\t\t\t\t\t\t\t\t\t\t<\/div>\n\t\t\t\t<\/div>\n\t\t\t\t\t<\/div>\n\t\t<\/div>\n\t\t\t\t<div class=\"elementor-column elementor-col-50 elementor-top-column elementor-element elementor-element-d65a045\" data-id=\"d65a045\" data-element_type=\"column\" data-e-type=\"column\">\n\t\t\t<div class=\"elementor-widget-wrap elementor-element-populated\">\n\t\t\t\t\t\t<div class=\"elementor-element elementor-element-9637e85 elementor-widget elementor-widget-heading\" data-id=\"9637e85\" data-element_type=\"widget\" data-e-type=\"widget\" data-widget_type=\"heading.default\">\n\t\t\t\t<div class=\"elementor-widget-container\">\n\t\t\t\t\t<h4 class=\"elementor-heading-title elementor-size-default\">Actividades de Hotelaria e Turismo<\/h4>\t\t\t\t<\/div>\n\t\t\t\t<\/div>\n\t\t\t\t<div class=\"elementor-element elementor-element-9c1ea3b elementor-widget elementor-widget-text-editor\" data-id=\"9c1ea3b\" data-element_type=\"widget\" data-e-type=\"widget\" data-widget_type=\"text-editor.default\">\n\t\t\t\t<div class=\"elementor-widget-container\">\n\t\t\t\t\t\t\t\t\t<p>OP\u00c7\u00d5ES DISPON\u00cdVEIS<\/p><p><strong>Actividades e Equipas de Anima\u00e7\u00e3o em Hotelaria e Turismo &#8211; Lounge Saxophone &#8211; M\u00fasicos a solo &#8211; Duo de M\u00fasicos Vocalistas &#8211; Banda com report\u00f3rio de anima\u00e7\u00e3o (core\u00f3grafos animadores como op\u00e7\u00e3o) &#8211; DJ<\/strong>, para Eventos como:<\/p><ul><li>Anima\u00e7\u00e3o em unidades hoteleiras<\/li><li>Anima\u00e7\u00e3o da \u00e9poca alta estival (Bar, Restaurante, Pool Parties, Sunset Parties)<\/li><li>Eventos de Grupo e Corporate<\/li><li>Efem\u00e9rides e datas festivas (Dia de S. Valentim, Dia da Mulher, Festas de Natal e R\u00e9veillon)<\/li><\/ul>\t\t\t\t\t\t\t\t<\/div>\n\t\t\t\t<\/div>\n\t\t\t\t\t<\/div>\n\t\t<\/div>\n\t\t\t\t\t<\/div>\n\t\t<\/section>\n\t\t\t\t<section class=\"elementor-section elementor-top-section elementor-element elementor-element-5a4a153 elementor-section-boxed elementor-section-height-default elementor-section-height-default\" data-id=\"5a4a153\" data-element_type=\"section\" data-e-type=\"section\">\n\t\t\t\t\t\t<div class=\"elementor-container elementor-column-gap-default\">\n\t\t\t\t\t<div class=\"elementor-column elementor-col-50 elementor-top-column elementor-element elementor-element-25e2a41\" data-id=\"25e2a41\" data-element_type=\"column\" data-e-type=\"column\">\n\t\t\t<div class=\"elementor-widget-wrap elementor-element-populated\">\n\t\t\t\t\t\t<div class=\"elementor-element elementor-element-dc1a214 elementor-widget elementor-widget-image\" data-id=\"dc1a214\" data-element_type=\"widget\" data-e-type=\"widget\" data-widget_type=\"image.default\">\n\t\t\t\t<div class=\"elementor-widget-container\">\n\t\t\t\t\t\t\t\t\t\t\t\t\t\t\t<img loading=\"lazy\" decoding=\"async\" width=\"300\" height=\"168\" src=\"https:\/\/altoebomsom.net\/wp-content\/uploads\/2023\/03\/Popstand_Dduo-300x168.jpg\" class=\"attachment-medium size-medium wp-image-1382\" alt=\"\" srcset=\"https:\/\/altoebomsom.net\/wp-content\/uploads\/2023\/03\/Popstand_Dduo-300x168.jpg 300w, https:\/\/altoebomsom.net\/wp-content\/uploads\/2023\/03\/Popstand_Dduo-1024x574.jpg 1024w, https:\/\/altoebomsom.net\/wp-content\/uploads\/2023\/03\/Popstand_Dduo-768x430.jpg 768w, https:\/\/altoebomsom.net\/wp-content\/uploads\/2023\/03\/Popstand_Dduo.jpg 1080w\" sizes=\"(max-width: 300px) 100vw, 300px\" \/>\t\t\t\t\t\t\t\t\t\t\t\t\t\t\t<\/div>\n\t\t\t\t<\/div>\n\t\t\t\t\t<\/div>\n\t\t<\/div>\n\t\t\t\t<div class=\"elementor-column elementor-col-50 elementor-top-column elementor-element elementor-element-f681681\" data-id=\"f681681\" data-element_type=\"column\" data-e-type=\"column\">\n\t\t\t<div class=\"elementor-widget-wrap elementor-element-populated\">\n\t\t\t\t\t\t<div class=\"elementor-element elementor-element-9140857 elementor-widget elementor-widget-heading\" data-id=\"9140857\" data-element_type=\"widget\" data-e-type=\"widget\" data-widget_type=\"heading.default\">\n\t\t\t\t<div class=\"elementor-widget-container\">\n\t\t\t\t\t<h4 class=\"elementor-heading-title elementor-size-default\">SHOWS<\/h4>\t\t\t\t<\/div>\n\t\t\t\t<\/div>\n\t\t\t\t<div class=\"elementor-element elementor-element-b657eda elementor-widget elementor-widget-text-editor\" data-id=\"b657eda\" data-element_type=\"widget\" data-e-type=\"widget\" data-widget_type=\"text-editor.default\">\n\t\t\t\t<div class=\"elementor-widget-container\">\n\t\t\t\t\t\t\t\t\t<p>EST\u00c3O DISPON\u00cdVEIS OS SEGUINTES SHOWS:<\/p><ul><li><b>BOSSA COOL JAZZ<\/b> Espect\u00e1culo de 90 minutos (aprox.) que revisita sucessos internacionais em Bossa Nova Contempor\u00e2nea<\/li><li><b>POPSTAND<\/b> Espect\u00e1culo de 100 minutos (aprox.) que apresenta uma selec\u00e7\u00e3o de sucessos da M\u00fasica pop \/ rock portuguesa<\/li><\/ul>\t\t\t\t\t\t\t\t<\/div>\n\t\t\t\t<\/div>\n\t\t\t\t\t<\/div>\n\t\t<\/div>\n\t\t\t\t\t<\/div>\n\t\t<\/section>\n\t\t\t\t<section class=\"elementor-section elementor-top-section elementor-element elementor-element-900f2dc elementor-section-content-middle elementor-section-boxed elementor-section-height-default elementor-section-height-default\" data-id=\"900f2dc\" data-element_type=\"section\" data-e-type=\"section\" data-settings=\"{&quot;background_background&quot;:&quot;classic&quot;}\">\n\t\t\t\t\t\t\t<div class=\"elementor-background-overlay\"><\/div>\n\t\t\t\t\t\t\t<div class=\"elementor-container elementor-column-gap-no\">\n\t\t\t\t\t<div class=\"elementor-column elementor-col-100 elementor-top-column elementor-element elementor-element-eaa86eb\" data-id=\"eaa86eb\" data-element_type=\"column\" data-e-type=\"column\">\n\t\t\t<div class=\"elementor-widget-wrap elementor-element-populated\">\n\t\t\t\t\t\t<div class=\"elementor-element elementor-element-40a2447 elementor-widget elementor-widget-heading\" data-id=\"40a2447\" data-element_type=\"widget\" data-e-type=\"widget\" data-widget_type=\"heading.default\">\n\t\t\t\t<div class=\"elementor-widget-container\">\n\t\t\t\t\t<h2 class=\"elementor-heading-title elementor-size-default\">Our Services  \/  Notres Services<\/h2>\t\t\t\t<\/div>\n\t\t\t\t<\/div>\n\t\t\t\t<section class=\"elementor-section elementor-inner-section elementor-element elementor-element-a2ce675 elementor-section-boxed elementor-section-height-default elementor-section-height-default\" data-id=\"a2ce675\" data-element_type=\"section\" data-e-type=\"section\">\n\t\t\t\t\t\t<div class=\"elementor-container elementor-column-gap-default\">\n\t\t\t\t\t<div class=\"elementor-column elementor-col-50 elementor-inner-column elementor-element elementor-element-869fbd4\" data-id=\"869fbd4\" data-element_type=\"column\" data-e-type=\"column\">\n\t\t\t<div class=\"elementor-widget-wrap elementor-element-populated\">\n\t\t\t\t\t\t<div class=\"elementor-element elementor-element-f3b893a elementor-widget elementor-widget-image\" data-id=\"f3b893a\" data-element_type=\"widget\" data-e-type=\"widget\" data-widget_type=\"image.default\">\n\t\t\t\t<div class=\"elementor-widget-container\">\n\t\t\t\t\t\t\t\t\t\t\t\t\t\t\t<img loading=\"lazy\" decoding=\"async\" width=\"317\" height=\"159\" src=\"https:\/\/altoebomsom.net\/wp-content\/uploads\/2023\/04\/B_britanica.png\" class=\"attachment-full size-full wp-image-2156\" alt=\"\" srcset=\"https:\/\/altoebomsom.net\/wp-content\/uploads\/2023\/04\/B_britanica.png 317w, https:\/\/altoebomsom.net\/wp-content\/uploads\/2023\/04\/B_britanica-300x150.png 300w\" sizes=\"(max-width: 317px) 100vw, 317px\" \/>\t\t\t\t\t\t\t\t\t\t\t\t\t\t\t<\/div>\n\t\t\t\t<\/div>\n\t\t\t\t<div class=\"elementor-element elementor-element-9066e1c elementor-widget elementor-widget-heading\" data-id=\"9066e1c\" data-element_type=\"widget\" data-e-type=\"widget\" data-widget_type=\"heading.default\">\n\t\t\t\t<div class=\"elementor-widget-container\">\n\t\t\t\t\t<h3 class=\"elementor-heading-title elementor-size-default\">\"Alto e Bom Som\" Services<\/h3>\t\t\t\t<\/div>\n\t\t\t\t<\/div>\n\t\t\t\t<div class=\"elementor-element elementor-element-7fae9a3 elementor-widget elementor-widget-text-editor\" data-id=\"7fae9a3\" data-element_type=\"widget\" data-e-type=\"widget\" data-widget_type=\"text-editor.default\">\n\t\t\t\t<div class=\"elementor-widget-container\">\n\t\t\t\t\t\t\t\t\t<p>Live music, Saxophonist, DJ for event entertainment:<\/p><ul><li>Private Events<\/li><li>Birthday Parties<\/li><li>Baptism Parties<\/li><li>Wedding parties<\/li><li>Receptions and Dinners<\/li><li>Sunset \/ Pool Parties<\/li><li>Corporate Events<\/li><li>Openings<\/li><li>Brand Activation<\/li><li>Product release<\/li><li>Company Dinners<\/li><li>Christmas parties<\/li><li>New Year&#8217;s parties<\/li><li>Audio equipment (speakers) rental for private parties<\/li><\/ul>\t\t\t\t\t\t\t\t<\/div>\n\t\t\t\t<\/div>\n\t\t\t\t\t<\/div>\n\t\t<\/div>\n\t\t\t\t<div class=\"elementor-column elementor-col-50 elementor-inner-column elementor-element elementor-element-70b1713\" data-id=\"70b1713\" data-element_type=\"column\" data-e-type=\"column\">\n\t\t\t<div class=\"elementor-widget-wrap elementor-element-populated\">\n\t\t\t\t\t\t<div class=\"elementor-element elementor-element-bfc5436 elementor-widget elementor-widget-image\" data-id=\"bfc5436\" data-element_type=\"widget\" data-e-type=\"widget\" data-widget_type=\"image.default\">\n\t\t\t\t<div class=\"elementor-widget-container\">\n\t\t\t\t\t\t\t\t\t\t\t\t\t\t\t<img loading=\"lazy\" decoding=\"async\" width=\"275\" height=\"183\" src=\"https:\/\/altoebomsom.net\/wp-content\/uploads\/2023\/04\/B_francesa.jpg\" class=\"attachment-full size-full wp-image-2157\" alt=\"\" \/>\t\t\t\t\t\t\t\t\t\t\t\t\t\t\t<\/div>\n\t\t\t\t<\/div>\n\t\t\t\t<div class=\"elementor-element elementor-element-2e239dc elementor-widget elementor-widget-heading\" data-id=\"2e239dc\" data-element_type=\"widget\" data-e-type=\"widget\" data-widget_type=\"heading.default\">\n\t\t\t\t<div class=\"elementor-widget-container\">\n\t\t\t\t\t<h3 class=\"elementor-heading-title elementor-size-default\">\"Alto e Bom Som\" Services<\/h3>\t\t\t\t<\/div>\n\t\t\t\t<\/div>\n\t\t\t\t<div class=\"elementor-element elementor-element-e52794e elementor-widget elementor-widget-text-editor\" data-id=\"e52794e\" data-element_type=\"widget\" data-e-type=\"widget\" data-widget_type=\"text-editor.default\">\n\t\t\t\t<div class=\"elementor-widget-container\">\n\t\t\t\t\t\t\t\t\t<p style=\"font-size: 16px; font-style: normal; font-weight: 400;\">Musique live, Saxophoniste, DJ pour l&#8217;animation \u00e9v\u00e9nementielle:<\/p>\n<ul style=\"font-size: 16px; font-style: normal; font-weight: 400;\">\n<li style=\"font-size: 16px;\">\u00c9v\u00e9nements priv\u00e9s<\/li>\n<li style=\"font-size: 16px;\">F\u00eates d&#8217;anniversaire<\/li>\n<li style=\"font-size: 16px;\">F\u00eates de bapt\u00eame<\/li>\n<li style=\"font-size: 16px;\">F\u00eates de mariage<\/li>\n<li style=\"font-size: 16px;\">R\u00e9ceptions et d\u00eeners<\/li>\n<li style=\"font-size: 16px;\">F\u00eates Sunset \/ Piscine<\/li>\n<li style=\"font-size: 16px;\">\u00c9v\u00e9nements corporatifs<\/li>\n<li style=\"font-size: 16px;\">Ouvertures<\/li>\n<li style=\"font-size: 16px;\">Activation de la marque<\/li>\n<li style=\"font-size: 16px;\">Lancement de produit<\/li>\n<li style=\"font-size: 16px;\">D\u00eeners d&#8217; entreprise<\/li>\n<li style=\"font-size: 16px;\">F\u00eates de No\u00ebl<\/li>\n<li style=\"font-size: 16px;\">Reveillon<\/li>\n<li style=\"font-size: 16px;\">Location de mat\u00e9riel audio (einceintes) pour f\u00eates priv\u00e9es<\/li>\n<\/ul>\t\t\t\t\t\t\t\t<\/div>\n\t\t\t\t<\/div>\n\t\t\t\t\t<\/div>\n\t\t<\/div>\n\t\t\t\t\t<\/div>\n\t\t<\/section>\n\t\t\t\t\t<\/div>\n\t\t<\/div>\n\t\t\t\t\t<\/div>\n\t\t<\/section>\n\t\t\t\t<\/div>\n\t\t","protected":false},"excerpt":{"rendered":"<p>Os nossos servi\u00e7os Eventos Privados OP\u00c7\u00d5ES DISPON\u00cdVEIS Saxofonista &#8211; M\u00fasicos a solo &#8211; Duo de m\u00fasicos \/ Vocalistas &#8211; Animadores &#8211; DJ, para&nbsp;Eventos como: Festas de Anivers\u00e1rio Festas de Baptismo Festas de Casamento Recep\u00e7\u00f5es e Jantares Sunset \/ Pool Parties Aluguer de dispositivos \u00e1udio para eventos privados Eventos Corporate OP\u00c7\u00d5ES DISPON\u00cdVEIS Lounge Saxophone &#8211; Banda [&hellip;]<\/p>\n","protected":false},"author":1,"featured_media":0,"parent":0,"menu_order":0,"comment_status":"closed","ping_status":"closed","template":"","meta":{"om_disable_all_campaigns":false,"_monsterinsights_skip_tracking":false,"_monsterinsights_sitenote_active":false,"_monsterinsights_sitenote_note":"","_monsterinsights_sitenote_category":0,"site-sidebar-layout":"no-sidebar","site-content-layout":"page-builder","ast-site-content-layout":"default","site-content-style":"default","site-sidebar-style":"default","ast-global-header-display":"","ast-banner-title-visibility":"","ast-main-header-display":"","ast-hfb-above-header-display":"","ast-hfb-below-header-display":"","ast-hfb-mobile-header-display":"","site-post-title":"disabled","ast-breadcrumbs-content":"","ast-featured-img":"disabled","footer-sml-layout":"","ast-disable-related-posts":"","theme-transparent-header-meta":"enabled","adv-header-id-meta":"","stick-header-meta":"","header-above-stick-meta":"","header-main-stick-meta":"","header-below-stick-meta":"","astra-migrate-meta-layouts":"default","ast-page-background-enabled":"default","ast-page-background-meta":{"desktop":{"background-color":"var(--ast-global-color-4)","background-image":"","background-repeat":"repeat","background-position":"center center","background-size":"auto","background-attachment":"scroll","background-type":"","background-media":"","overlay-type":"","overlay-color":"","overlay-opacity":"","overlay-gradient":""},"tablet":{"background-color":"","background-image":"","background-repeat":"repeat","background-position":"center center","background-size":"auto","background-attachment":"scroll","background-type":"","background-media":"","overlay-type":"","overlay-color":"","overlay-opacity":"","overlay-gradient":""},"mobile":{"background-color":"","background-image":"","background-repeat":"repeat","background-position":"center center","background-size":"auto","background-attachment":"scroll","background-type":"","background-media":"","overlay-type":"","overlay-color":"","overlay-opacity":"","overlay-gradient":""}},"ast-content-background-meta":{"desktop":{"background-color":"var(--ast-global-color-5)","background-image":"","background-repeat":"repeat","background-position":"center center","background-size":"auto","background-attachment":"scroll","background-type":"","background-media":"","overlay-type":"","overlay-color":"","overlay-opacity":"","overlay-gradient":""},"tablet":{"background-color":"var(--ast-global-color-5)","background-image":"","background-repeat":"repeat","background-position":"center center","background-size":"auto","background-attachment":"scroll","background-type":"","background-media":"","overlay-type":"","overlay-color":"","overlay-opacity":"","overlay-gradient":""},"mobile":{"background-color":"var(--ast-global-color-5)","background-image":"","background-repeat":"repeat","background-position":"center center","background-size":"auto","background-attachment":"scroll","background-type":"","background-media":"","overlay-type":"","overlay-color":"","overlay-opacity":"","overlay-gradient":""}},"footnotes":""},"class_list":["post-1319","page","type-page","status-publish","hentry"],"aioseo_notices":[],"_links":{"self":[{"href":"https:\/\/altoebomsom.net\/index.php\/wp-json\/wp\/v2\/pages\/1319","targetHints":{"allow":["GET"]}}],"collection":[{"href":"https:\/\/altoebomsom.net\/index.php\/wp-json\/wp\/v2\/pages"}],"about":[{"href":"https:\/\/altoebomsom.net\/index.php\/wp-json\/wp\/v2\/types\/page"}],"author":[{"embeddable":true,"href":"https:\/\/altoebomsom.net\/index.php\/wp-json\/wp\/v2\/users\/1"}],"replies":[{"embeddable":true,"href":"https:\/\/altoebomsom.net\/index.php\/wp-json\/wp\/v2\/comments?post=1319"}],"version-history":[{"count":76,"href":"https:\/\/altoebomsom.net\/index.php\/wp-json\/wp\/v2\/pages\/1319\/revisions"}],"predecessor-version":[{"id":2624,"href":"https:\/\/altoebomsom.net\/index.php\/wp-json\/wp\/v2\/pages\/1319\/revisions\/2624"}],"wp:attachment":[{"href":"https:\/\/altoebomsom.net\/index.php\/wp-json\/wp\/v2\/media?parent=1319"}],"curies":[{"name":"wp","href":"https:\/\/api.w.org\/{rel}","templated":true}]}}