{"id":2134,"date":"2023-04-24T13:41:36","date_gmt":"2023-04-24T13:41:36","guid":{"rendered":"https:\/\/altoebomsom.net\/?page_id=2134"},"modified":"2024-02-14T19:19:32","modified_gmt":"2024-02-14T19:19:32","slug":"servicos-dj","status":"publish","type":"page","link":"https:\/\/altoebomsom.net\/index.php\/servicos-dj\/","title":{"rendered":"Servi\u00e7os DJ"},"content":{"rendered":"\t\t<div data-elementor-type=\"wp-page\" data-elementor-id=\"2134\" class=\"elementor elementor-2134\">\n\t\t\t\t\t\t<section class=\"elementor-section elementor-top-section elementor-element elementor-element-e143862 elementor-section-boxed elementor-section-height-default elementor-section-height-default\" data-id=\"e143862\" data-element_type=\"section\" data-e-type=\"section\">\n\t\t\t\t\t\t<div class=\"elementor-container elementor-column-gap-default\">\n\t\t\t\t\t<div class=\"elementor-column elementor-col-100 elementor-top-column elementor-element elementor-element-2b8e7a2\" data-id=\"2b8e7a2\" data-element_type=\"column\" data-e-type=\"column\">\n\t\t\t<div class=\"elementor-widget-wrap elementor-element-populated\">\n\t\t\t\t\t\t<section class=\"elementor-section elementor-inner-section elementor-element elementor-element-1f30eb6 elementor-section-boxed elementor-section-height-default elementor-section-height-default\" data-id=\"1f30eb6\" data-element_type=\"section\" data-e-type=\"section\">\n\t\t\t\t\t\t<div class=\"elementor-container elementor-column-gap-default\">\n\t\t\t\t\t<div class=\"elementor-column elementor-col-50 elementor-inner-column elementor-element elementor-element-f76202d\" data-id=\"f76202d\" data-element_type=\"column\" data-e-type=\"column\">\n\t\t\t<div class=\"elementor-widget-wrap elementor-element-populated\">\n\t\t\t\t\t\t<div class=\"elementor-element elementor-element-f1308da elementor-widget elementor-widget-image\" data-id=\"f1308da\" data-element_type=\"widget\" data-e-type=\"widget\" data-widget_type=\"image.default\">\n\t\t\t\t<div class=\"elementor-widget-container\">\n\t\t\t\t\t\t\t\t\t\t\t\t\t\t\t<img decoding=\"async\" src=\"https:\/\/altoebomsom.net\/wp-content\/uploads\/elementor\/thumbs\/DJservice-scaled-q5hkh1cdu8ov6rj8qfj1q3ufuypwk5kwdm6mr4w4oo.jpg\" title=\"DJservice\" alt=\"DJservice\" loading=\"lazy\" \/>\t\t\t\t\t\t\t\t\t\t\t\t\t\t\t<\/div>\n\t\t\t\t<\/div>\n\t\t\t\t\t<\/div>\n\t\t<\/div>\n\t\t\t\t<div class=\"elementor-column elementor-col-50 elementor-inner-column elementor-element elementor-element-96c4593\" data-id=\"96c4593\" data-element_type=\"column\" data-e-type=\"column\">\n\t\t\t<div class=\"elementor-widget-wrap elementor-element-populated\">\n\t\t\t\t\t\t<div class=\"elementor-element elementor-element-1ce506f elementor-widget elementor-widget-text-editor\" data-id=\"1ce506f\" data-element_type=\"widget\" data-e-type=\"widget\" data-widget_type=\"text-editor.default\">\n\t\t\t\t<div class=\"elementor-widget-container\">\n\t\t\t\t\t\t\t\t\t<h2>Servi\u00e7os DJ<\/h2><h2>DJ \/ KJ Service<\/h2>\t\t\t\t\t\t\t\t<\/div>\n\t\t\t\t<\/div>\n\t\t\t\t\t<\/div>\n\t\t<\/div>\n\t\t\t\t\t<\/div>\n\t\t<\/section>\n\t\t\t\t\t<\/div>\n\t\t<\/div>\n\t\t\t\t\t<\/div>\n\t\t<\/section>\n\t\t\t\t<section class=\"elementor-section elementor-top-section elementor-element elementor-element-4941db2 elementor-section-boxed elementor-section-height-default elementor-section-height-default\" data-id=\"4941db2\" data-element_type=\"section\" data-e-type=\"section\">\n\t\t\t\t\t\t<div class=\"elementor-container elementor-column-gap-default\">\n\t\t\t\t\t<div class=\"elementor-column elementor-col-50 elementor-top-column elementor-element elementor-element-f86514b\" data-id=\"f86514b\" data-element_type=\"column\" data-e-type=\"column\">\n\t\t\t<div class=\"elementor-widget-wrap elementor-element-populated\">\n\t\t\t\t\t\t<div class=\"elementor-element elementor-element-3528a93 elementor-widget elementor-widget-text-editor\" data-id=\"3528a93\" data-element_type=\"widget\" data-e-type=\"widget\" data-widget_type=\"text-editor.default\">\n\t\t\t\t<div class=\"elementor-widget-container\">\n\t\t\t\t\t\t\t\t\t<ul>\n<li style=\"font-size: 16px; font-style: normal; font-weight: 400;\">\n<h5>Anima\u00e7\u00e3o DJ para Eventos privados<\/h5>\n<\/li>\n<li style=\"font-size: 16px; font-style: normal; font-weight: 400;\">\n<h5>Anima\u00e7\u00e3o Karaoke (Eventos privados e Hotelaria)<\/h5>\n<\/li>\n<li style=\"font-size: 16px; font-style: normal; font-weight: 400;\">\n<h5>Eventos Personalizados<\/h5>\n<\/li>\n<\/ul>\t\t\t\t\t\t\t\t<\/div>\n\t\t\t\t<\/div>\n\t\t\t\t\t<\/div>\n\t\t<\/div>\n\t\t\t\t<div class=\"elementor-column elementor-col-50 elementor-top-column elementor-element elementor-element-4bb32a1\" data-id=\"4bb32a1\" data-element_type=\"column\" data-e-type=\"column\">\n\t\t\t<div class=\"elementor-widget-wrap elementor-element-populated\">\n\t\t\t\t\t\t<div class=\"elementor-element elementor-element-f47db9b elementor-widget elementor-widget-text-editor\" data-id=\"f47db9b\" data-element_type=\"widget\" data-e-type=\"widget\" data-widget_type=\"text-editor.default\">\n\t\t\t\t<div class=\"elementor-widget-container\">\n\t\t\t\t\t\t\t\t\t<ul><li><h5>DJ Entertainment for Private events<\/h5><\/li><li><h5>Karaoke Entertainment<\/h5><\/li><li><h5>Costumized Events<\/h5><\/li><\/ul>\t\t\t\t\t\t\t\t<\/div>\n\t\t\t\t<\/div>\n\t\t\t\t\t<\/div>\n\t\t<\/div>\n\t\t\t\t\t<\/div>\n\t\t<\/section>\n\t\t\t\t<section class=\"elementor-section elementor-top-section elementor-element elementor-element-b33aa1f elementor-section-content-middle elementor-section-boxed elementor-section-height-default elementor-section-height-default\" data-id=\"b33aa1f\" data-element_type=\"section\" data-e-type=\"section\" data-settings=\"{&quot;background_background&quot;:&quot;classic&quot;}\">\n\t\t\t\t\t\t\t<div class=\"elementor-background-overlay\"><\/div>\n\t\t\t\t\t\t\t<div class=\"elementor-container elementor-column-gap-no\">\n\t\t\t\t\t<div class=\"elementor-column elementor-col-100 elementor-top-column elementor-element elementor-element-3d90f42\" data-id=\"3d90f42\" data-element_type=\"column\" data-e-type=\"column\">\n\t\t\t<div class=\"elementor-widget-wrap elementor-element-populated\">\n\t\t\t\t\t\t<section class=\"elementor-section elementor-inner-section elementor-element elementor-element-51c92d1 elementor-section-boxed elementor-section-height-default elementor-section-height-default\" data-id=\"51c92d1\" data-element_type=\"section\" data-e-type=\"section\">\n\t\t\t\t\t\t<div class=\"elementor-container elementor-column-gap-default\">\n\t\t\t\t\t<div class=\"elementor-column elementor-col-33 elementor-inner-column elementor-element elementor-element-f566be8\" data-id=\"f566be8\" data-element_type=\"column\" data-e-type=\"column\">\n\t\t\t<div class=\"elementor-widget-wrap elementor-element-populated\">\n\t\t\t\t\t\t<div class=\"elementor-element elementor-element-8e48945 elementor-widget elementor-widget-image\" data-id=\"8e48945\" data-element_type=\"widget\" data-e-type=\"widget\" data-widget_type=\"image.default\">\n\t\t\t\t<div class=\"elementor-widget-container\">\n\t\t\t\t\t\t\t\t\t\t\t\t\t\t\t<img fetchpriority=\"high\" decoding=\"async\" width=\"283\" height=\"178\" src=\"https:\/\/altoebomsom.net\/wp-content\/uploads\/2023\/04\/B_portuguesa.png\" class=\"attachment-full size-full wp-image-2155\" alt=\"\" srcset=\"https:\/\/altoebomsom.net\/wp-content\/uploads\/2023\/04\/B_portuguesa.png 283w, https:\/\/altoebomsom.net\/wp-content\/uploads\/2023\/04\/elementor\/thumbs\/B_portuguesa-q5hlzec8ttcskj272cr3n2h64il057fw5x83n0pbcm.png 50w, https:\/\/altoebomsom.net\/wp-content\/uploads\/2023\/04\/elementor\/thumbs\/B_portuguesa-q5hlzec8iunqibky5h0mohla3ml9w7464l67omvcuu.png 25w\" sizes=\"(max-width: 283px) 100vw, 283px\" \/>\t\t\t\t\t\t\t\t\t\t\t\t\t\t\t<\/div>\n\t\t\t\t<\/div>\n\t\t\t\t<div class=\"elementor-element elementor-element-82165df elementor-widget elementor-widget-heading\" data-id=\"82165df\" data-element_type=\"widget\" data-e-type=\"widget\" data-widget_type=\"heading.default\">\n\t\t\t\t<div class=\"elementor-widget-container\">\n\t\t\t\t\t<h3 class=\"elementor-heading-title elementor-size-default\">Anima\u00e7\u00e3o de eventos privados<\/h3>\t\t\t\t<\/div>\n\t\t\t\t<\/div>\n\t\t\t\t<div class=\"elementor-element elementor-element-9079713 elementor-widget elementor-widget-text-editor\" data-id=\"9079713\" data-element_type=\"widget\" data-e-type=\"widget\" data-widget_type=\"text-editor.default\">\n\t\t\t\t<div class=\"elementor-widget-container\">\n\t\t\t\t\t\t\t\t\t<ul><li>Anivers\u00e1rios<\/li><li>Casamentos<\/li><li>Recep\u00e7\u00f5es e jantares<\/li><li>Sunset parties<\/li><\/ul><p>Report\u00f3rios:<\/p><p>Portugu\u00eas, Internacional (Anglo-sax\u00f3nico), Franc\u00eas e Espanhol<\/p><p>Facilidade de Comunica\u00e7\u00e3o:<\/p><p><span style=\"font-style: inherit; font-weight: inherit; background-color: var(--ast-global-color-5); color: var(--ast-global-color-3);\">DJ fluente em Portugu\u00eas, Ingl\u00eas, Franc\u00eas, Espanhol<\/span><\/p>\t\t\t\t\t\t\t\t<\/div>\n\t\t\t\t<\/div>\n\t\t\t\t\t<\/div>\n\t\t<\/div>\n\t\t\t\t<div class=\"elementor-column elementor-col-33 elementor-inner-column elementor-element elementor-element-d8bc499\" data-id=\"d8bc499\" data-element_type=\"column\" data-e-type=\"column\">\n\t\t\t<div class=\"elementor-widget-wrap elementor-element-populated\">\n\t\t\t\t\t\t<div class=\"elementor-element elementor-element-ea21394 elementor-widget elementor-widget-image\" data-id=\"ea21394\" data-element_type=\"widget\" data-e-type=\"widget\" data-widget_type=\"image.default\">\n\t\t\t\t<div class=\"elementor-widget-container\">\n\t\t\t\t\t\t\t\t\t\t\t\t\t\t\t<img decoding=\"async\" width=\"317\" height=\"159\" src=\"https:\/\/altoebomsom.net\/wp-content\/uploads\/2023\/04\/B_britanica.png\" class=\"attachment-full size-full wp-image-2156\" alt=\"\" srcset=\"https:\/\/altoebomsom.net\/wp-content\/uploads\/2023\/04\/B_britanica.png 317w, https:\/\/altoebomsom.net\/wp-content\/uploads\/2023\/04\/B_britanica-300x150.png 300w\" sizes=\"(max-width: 317px) 100vw, 317px\" \/>\t\t\t\t\t\t\t\t\t\t\t\t\t\t\t<\/div>\n\t\t\t\t<\/div>\n\t\t\t\t<div class=\"elementor-element elementor-element-06e3ae6 elementor-widget elementor-widget-heading\" data-id=\"06e3ae6\" data-element_type=\"widget\" data-e-type=\"widget\" data-widget_type=\"heading.default\">\n\t\t\t\t<div class=\"elementor-widget-container\">\n\t\t\t\t\t<h3 class=\"elementor-heading-title elementor-size-default\">Private event entertainment<\/h3>\t\t\t\t<\/div>\n\t\t\t\t<\/div>\n\t\t\t\t<div class=\"elementor-element elementor-element-2b15658 elementor-widget elementor-widget-text-editor\" data-id=\"2b15658\" data-element_type=\"widget\" data-e-type=\"widget\" data-widget_type=\"text-editor.default\">\n\t\t\t\t<div class=\"elementor-widget-container\">\n\t\t\t\t\t\t\t\t\t<ul style=\"font-size: 16px; font-style: normal; font-weight: 400;\"><li style=\"font-size: 16px;\">Birthday parties<\/li><li style=\"font-size: 16px;\">Wedding parties<\/li><li style=\"font-size: 16px;\">Receptions and Dinners<\/li><li style=\"font-size: 16px;\">Sunset parties<\/li><\/ul><p style=\"font-size: 16px; font-style: normal; font-weight: 400;\">Repertoires:<\/p><p style=\"font-size: 16px; font-style: normal; font-weight: 400;\">International (Anglo-Saxon), French and Spanish<\/p><p style=\"font-size: 16px; font-style: normal; font-weight: 400;\">\u00a0<\/p><p style=\"font-size: 16px; font-style: normal; font-weight: 400;\">Easy communication:<\/p><p style=\"font-size: 16px; font-style: normal; font-weight: 400;\">DJ fluent in Portuguese, English, French, Spanish<\/p>\t\t\t\t\t\t\t\t<\/div>\n\t\t\t\t<\/div>\n\t\t\t\t\t<\/div>\n\t\t<\/div>\n\t\t\t\t<div class=\"elementor-column elementor-col-33 elementor-inner-column elementor-element elementor-element-a624b71\" data-id=\"a624b71\" data-element_type=\"column\" data-e-type=\"column\">\n\t\t\t<div class=\"elementor-widget-wrap elementor-element-populated\">\n\t\t\t\t\t\t<div class=\"elementor-element elementor-element-a074a65 elementor-widget elementor-widget-image\" data-id=\"a074a65\" data-element_type=\"widget\" data-e-type=\"widget\" data-widget_type=\"image.default\">\n\t\t\t\t<div class=\"elementor-widget-container\">\n\t\t\t\t\t\t\t\t\t\t\t\t\t\t\t<img decoding=\"async\" width=\"275\" height=\"183\" src=\"https:\/\/altoebomsom.net\/wp-content\/uploads\/2023\/04\/B_francesa.jpg\" class=\"attachment-full size-full wp-image-2157\" alt=\"\" \/>\t\t\t\t\t\t\t\t\t\t\t\t\t\t\t<\/div>\n\t\t\t\t<\/div>\n\t\t\t\t<div class=\"elementor-element elementor-element-db7d8db elementor-widget elementor-widget-heading\" data-id=\"db7d8db\" data-element_type=\"widget\" data-e-type=\"widget\" data-widget_type=\"heading.default\">\n\t\t\t\t<div class=\"elementor-widget-container\">\n\t\t\t\t\t<h3 class=\"elementor-heading-title elementor-size-default\">Animation d' \u00e9v\u00e9nements priv\u00e9s<\/h3>\t\t\t\t<\/div>\n\t\t\t\t<\/div>\n\t\t\t\t<div class=\"elementor-element elementor-element-1b1d9ec elementor-widget elementor-widget-text-editor\" data-id=\"1b1d9ec\" data-element_type=\"widget\" data-e-type=\"widget\" data-widget_type=\"text-editor.default\">\n\t\t\t\t<div class=\"elementor-widget-container\">\n\t\t\t\t\t\t\t\t\t<ul style=\"font-size: 16px; font-style: normal; font-weight: 400;\"><li style=\"font-size: 16px;\">F\u00eates d&#8217; anniversaire<\/li><li style=\"font-size: 16px;\">F\u00eates de mariage<\/li><li style=\"font-size: 16px;\">Receptions et d\u00eeners<\/li><li style=\"font-size: 16px;\">F\u00eates sunset \/ Piscine<\/li><\/ul><p style=\"font-size: 16px; font-style: normal; font-weight: 400;\">R\u00e9pertoires:<\/p><p style=\"font-size: 16px; font-style: normal; font-weight: 400;\">International (anglo-saxon), fran\u00e7ais et espagnol<\/p><p style=\"font-size: 16px; font-style: normal; font-weight: 400;\">\u00a0<\/p><p style=\"font-size: 16px; font-style: normal; font-weight: 400;\">Facilit\u00e9 de communication :<\/p><p style=\"font-size: 16px; font-style: normal; font-weight: 400;\">Le DJ parle couramment portugais, anglais, fran\u00e7ais, espagnol<\/p>\t\t\t\t\t\t\t\t<\/div>\n\t\t\t\t<\/div>\n\t\t\t\t\t<\/div>\n\t\t<\/div>\n\t\t\t\t\t<\/div>\n\t\t<\/section>\n\t\t\t\t\t<\/div>\n\t\t<\/div>\n\t\t\t\t\t<\/div>\n\t\t<\/section>\n\t\t\t\t<\/div>\n\t\t","protected":false},"excerpt":{"rendered":"<p>Servi\u00e7os DJ DJ \/ KJ Service Anima\u00e7\u00e3o DJ para Eventos privados Anima\u00e7\u00e3o Karaoke (Eventos privados e Hotelaria) Eventos Personalizados DJ Entertainment for Private events Karaoke Entertainment Costumized Events Anima\u00e7\u00e3o de eventos privados Anivers\u00e1rios Casamentos Recep\u00e7\u00f5es e jantares Sunset parties Report\u00f3rios: Portugu\u00eas, Internacional (Anglo-sax\u00f3nico), Franc\u00eas e Espanhol Facilidade de Comunica\u00e7\u00e3o: DJ fluente em Portugu\u00eas, Ingl\u00eas, Franc\u00eas, [&hellip;]<\/p>\n","protected":false},"author":1,"featured_media":0,"parent":0,"menu_order":0,"comment_status":"closed","ping_status":"closed","template":"","meta":{"om_disable_all_campaigns":false,"_monsterinsights_skip_tracking":false,"_monsterinsights_sitenote_active":false,"_monsterinsights_sitenote_note":"","_monsterinsights_sitenote_category":0,"site-sidebar-layout":"no-sidebar","site-content-layout":"page-builder","ast-site-content-layout":"default","site-content-style":"default","site-sidebar-style":"default","ast-global-header-display":"","ast-banner-title-visibility":"","ast-main-header-display":"","ast-hfb-above-header-display":"","ast-hfb-below-header-display":"","ast-hfb-mobile-header-display":"","site-post-title":"disabled","ast-breadcrumbs-content":"","ast-featured-img":"disabled","footer-sml-layout":"","ast-disable-related-posts":"","theme-transparent-header-meta":"","adv-header-id-meta":"","stick-header-meta":"","header-above-stick-meta":"","header-main-stick-meta":"","header-below-stick-meta":"","astra-migrate-meta-layouts":"default","ast-page-background-enabled":"default","ast-page-background-meta":{"desktop":{"background-color":"var(--ast-global-color-4)","background-image":"","background-repeat":"repeat","background-position":"center center","background-size":"auto","background-attachment":"scroll","background-type":"","background-media":"","overlay-type":"","overlay-color":"","overlay-opacity":"","overlay-gradient":""},"tablet":{"background-color":"","background-image":"","background-repeat":"repeat","background-position":"center center","background-size":"auto","background-attachment":"scroll","background-type":"","background-media":"","overlay-type":"","overlay-color":"","overlay-opacity":"","overlay-gradient":""},"mobile":{"background-color":"","background-image":"","background-repeat":"repeat","background-position":"center center","background-size":"auto","background-attachment":"scroll","background-type":"","background-media":"","overlay-type":"","overlay-color":"","overlay-opacity":"","overlay-gradient":""}},"ast-content-background-meta":{"desktop":{"background-color":"var(--ast-global-color-5)","background-image":"","background-repeat":"repeat","background-position":"center center","background-size":"auto","background-attachment":"scroll","background-type":"","background-media":"","overlay-type":"","overlay-color":"","overlay-opacity":"","overlay-gradient":""},"tablet":{"background-color":"var(--ast-global-color-5)","background-image":"","background-repeat":"repeat","background-position":"center center","background-size":"auto","background-attachment":"scroll","background-type":"","background-media":"","overlay-type":"","overlay-color":"","overlay-opacity":"","overlay-gradient":""},"mobile":{"background-color":"var(--ast-global-color-5)","background-image":"","background-repeat":"repeat","background-position":"center center","background-size":"auto","background-attachment":"scroll","background-type":"","background-media":"","overlay-type":"","overlay-color":"","overlay-opacity":"","overlay-gradient":""}},"footnotes":""},"class_list":["post-2134","page","type-page","status-publish","hentry"],"aioseo_notices":[],"_links":{"self":[{"href":"https:\/\/altoebomsom.net\/index.php\/wp-json\/wp\/v2\/pages\/2134","targetHints":{"allow":["GET"]}}],"collection":[{"href":"https:\/\/altoebomsom.net\/index.php\/wp-json\/wp\/v2\/pages"}],"about":[{"href":"https:\/\/altoebomsom.net\/index.php\/wp-json\/wp\/v2\/types\/page"}],"author":[{"embeddable":true,"href":"https:\/\/altoebomsom.net\/index.php\/wp-json\/wp\/v2\/users\/1"}],"replies":[{"embeddable":true,"href":"https:\/\/altoebomsom.net\/index.php\/wp-json\/wp\/v2\/comments?post=2134"}],"version-history":[{"count":124,"href":"https:\/\/altoebomsom.net\/index.php\/wp-json\/wp\/v2\/pages\/2134\/revisions"}],"predecessor-version":[{"id":2503,"href":"https:\/\/altoebomsom.net\/index.php\/wp-json\/wp\/v2\/pages\/2134\/revisions\/2503"}],"wp:attachment":[{"href":"https:\/\/altoebomsom.net\/index.php\/wp-json\/wp\/v2\/media?parent=2134"}],"curies":[{"name":"wp","href":"https:\/\/api.w.org\/{rel}","templated":true}]}}